0, -25 = 5*w + 3*s - 4*s. Let l(d) = d**2 + 4*d - 2. Determine l(w).
-2
Suppose -4*r + r = -2*s - 4, -24 = -3*r - 3*s. Let w be (2 - 3) + (-1)/(-1). Let x(g) = w - g - 3 + 4. Determine x(r).
-3
Let l(t) be the third derivative of t**5/60 - t**4/3 + 5*t**3/6 + 6*t**2. Determine l(6).
-7
Let q(h) = -4*h**3 - 4*h**2 + 2*h - 9. Let b(t) = t**3 + t + 1. Let o(g) = g**2 - 7*g + 7. Let v be o(6). Let x(c) = v*q(c) + 3*b(c). Determine x(-5).
-6
Let s(t) = -t**2 - t + 4. Suppose -5*c + 11 = 3*h, 2*h - 6*c + 2*c = 0. Let l be (h + 1)/(-3)*-1. Let p be -1*(-4*l + 1). Determine s(p).
-8
Let q(i) be the second derivative of i**5/20 + 2*i**4/3 + i**3/6 + 2*i**2 + 45*i. Calculate q(-8).
-4
Let y(a) = 3*a**2 - 11*a + 23. Let m(k) = -k**2 + 4*k - 8. Let i(r) = -11*m(r) - 4*y(r). Determine i(0).
-4
Let o(f) = 7*f - 3. Let s be o(2). Let a(i) = 6*i**2 + 3 + 11*i - s*i - 4. Calculate a(-1).
5
Let s(x) = 4*x + x + x + 4 - 3*x. Calculate s(-4).
-8
Let s(c) = c**2 - 2*c - 7. Let t = 7 + -4. Let y = t - -2. What is s(y)?
8
Let t(o) = -5*o**2 - o + 1. Let q(r) = -3 - 5*r - 3 - r**2 - r. Let n be q(-6). Let k(c) = -14*c**2 - 2*c + 3. Let l(x) = n*k(x) + 17*t(x). Calculate l(-5).
-1
Let r be (-7)/(0 + -1) - 1. Let v(b) = b**3 - 7*b**2 + 7*b - 6. What is v(r)?
0
Let k(t) = -2*t + 3. Let p(i) = -i + 1. Let y(r) = -k(r) + p(r). Let f be (-5)/(-3) + (-2)/(-6). Suppose 2*m - f*h = 0, -m - 6 = -0*m - 4*h. Calculate y(m).
0
Let a(b) = -b**3 - 6*b**2 + 4*b + 5. Let v = -117 + 111. Give a(v).
-19
Let m(r) be the first derivative of r**4/4 + r**3 - 5*r**2/2 - 2*r - 9. Determine m(-4).
2
Let n = -5 - -7. Let t(u) be the first derivative of 5*u**2 + 3*u - 4*u**2 + 1 + n. Give t(-4).
-5
Let d be (-6)/(-24)*-10*(0 + 2). Let r(k) = 2*k + 7. Give r(d).
-3
Let v(o) = o**2 - 3*o + 4. Suppose 14*i - 35 = 7. Give v(i).
4
Let k(a) = -a**2 + 3. Suppose -3*u = 2*u + 15. Calculate k(u).
-6
Let b(p) be the third derivative of -p**7/2520 + p**5/40 - 7*p**4/24 + 6*p**2. Let t(y) be the second derivative of b(y). Calculate t(0).
3
Let x(r) = 3*r**2 - r - 2. Let u(g) = -4*g**2 + 0*g**2 + 5*g**2 - 2. Let k be u(-2). What is x(k)?
8
Let q(u) = 2*u**2 - 4*u - 9 + 3*u - 3*u**2. Let a be (-2 + 3 - -3) + -4. Calculate q(a).
-9
Let y = -14 - -7. Let u(h) = 5 - 1 + 3 + h - 3. Calculate u(y).
-3
Let m(k) = 5*k**3 - k**2 - 2*k - 3. Let l(z) = 2*z**3 - z**2 - z - 2. Let p(b) = -7*l(b) + 3*m(b). Let g = -1 + -3. Calculate p(g).
1
Let v(f) = f. Let j(n) = -n**2 - 4*n - 7. Let y(i) = -j(i) - 3*v(i). Suppose -4*d + 5*x - 25 = 0, -20 = d - 3*x - x. Determine y(d).
7
Let x = -5 + 12. Let s(g) = -15 - g + 3 + x. Determine s(-4).
-1
Suppose 5*t - 2*t = -30. Let r = 10 + t. Let w(k) = k + 7. Determine w(r).
7
Let n(i) = -i**3 + 6*i**2 + 7*i - 8. Suppose 5*q = -2*x + 3*x + 18, 3*q = -4*x + 43. Give n(x).
-8
Let i(x) be the third derivative of -1/120*x**6 - 1/4*x**4 + 0 - 1/2*x**3 + 2*x**2 - 1/10*x**5 + 0*x. Calculate i(-4).
-11
Suppose -t = -3 + 1. Let f(a) = -a**2 + 1. Let x be f(t). Let r(m) = m + 1. Let c(i) = -i**2 - 2*i. Let p(u) = x*r(u) - c(u). Calculate p(3).
3
Suppose -15 = -4*h - 3*m, 3*m - 5*m + 2 = 0. Let s(i) = i**2 - 3*i + 1. Determine s(h).
1
Let y be (-2 + 1)*(1 + -4). Let s(h) = -h**3 + 4*h**2 + 2*h + 1. Determine s(y).
16
Let c(v) = v**2 + 0*v + 5*v**2 + v**3 + 6*v + 6. Let w = -3 + 1. Let p = -3 + w. Give c(p).
1
Let a = -10 + 12. Suppose -a*l = -3*f + 17, -2*l = f + 4 + 1. Let r(q) = q**3 - 4*q**2 + 3*q - 4. Determine r(f).
-4
Let b(j) be the first derivative of 5*j**2 - 4. Determine b(1).
10
Let c = 37 + -39. Let i(o) = -2*o**2 + 2*o + 2. Calculate i(c).
-10
Let d(a) = -5*a**2 + a - 16. Let u(h) = -6*h**2 + 2*h - 17. Let l(y) = -7*d(y) + 6*u(y). Let m = -275 + 282. What is l(m)?
-4
Let x(d) = -d**3 - d - 15. Let i be x(0). Let c(o) = o + 20. Determine c(i).
5
Let i(w) = w**3 - 4*w**2 + w + 2. Let t(m) be the second derivative of -4*m**2 + 0 - 1/12*m**4 + 2*m + 4/3*m**3. Let k be t(6). Give i(k).
6
Let g(v) = -2*v + 1 + v + 9. Calculate g(-8).
18
Let b(v) be the first derivative of v**4/4 + 5*v**3/3 - 3*v**2/2 + 2*v + 3. Determine b(-6).
-16
Let f(c) be the third derivative of -5*c**4/24 - c**3/2 - 8*c**2. Determine f(-2).
7
Let c be (6/4)/(2/8). Let r(q) = 0 - 1 - q - c. Suppose 3*g = 4*a - 3, 5*a - 3*a = -2*g - 16. Determine r(g).
-2
Let v = 7 + -2. Let z(w) = -7*w**2 + 11*w + 1. Let t(h) = 6*h**2 - 4 - 2*h + 2 - 8*h. Let b(i) = -6*t(i) - 5*z(i). Determine b(v).
7
Let v(c) = -c**3 + 5*c**2 - c + 5. Let g(s) = -1. Let q(d) = -3 + 0 + 4 - d. Let r(x) = -3*g(x) - 2*q(x). Let m be r(2). Determine v(m).
0
Let n(j) be the third derivative of 2*j**2 - j**3 + 0 - 1/60*j**5 + 0*j + 5/24*j**4. Let h = 19 + -14. Calculate n(h).
-6
Let h(q) = q - q - q**3 - 5*q - 8*q**2 + 7 - q. Give h(-7).
0
Let f(y) = y**2 + 7*y + 5. Let l = 19 - 25. Let q = l - 1. Calculate f(q).
5
Let r(x) = x**3 - 5*x**2 - 1. Let i(d) = -1 - d**3 - 2 - 5*d**2 + 0 - 6*d. Let q be i(-4). Let c be (q/(-3))/(2/(-6)). Determine r(c).
-1
Suppose -3*t - 25 = -3*u - 4, -4 = 2*u + 4*t. Let v(o) = -2 + u - 5 - o. Let g(s) = -s**3 + 12*s**2 - s + 9. Let a be g(12). What is v(a)?
0
Suppose 4*b - a = -b + 45, -3*a = -5*b + 35. Let c(p) = -p**2 + 9*p - 8. Determine c(b).
-18
Suppose 5*z + 15 = 0, 0*y - z = -y. Let i(a) = -a - 3. Let g(s) = -3*s - 9. Let k(c) = 3*g(c) - 8*i(c). Determine k(y).
0
Let j(r) = r**2 - 7*r + 2. Let f = 51 - 44. Give j(f).
2
Let l = 23 - 10. Let p = 18 - l. Let r(b) = -b**3 + 5*b**2 - b - 4. Calculate r(p).
-9
Let p(t) = 3 - 152*t**3 - 5*t**2 + 3*t + 153*t**3 - t**2. Give p(5).
-7
Let i(b) = b**3 - b**2 + 10. Let o(w) = w + 7. Let r be o(-7). Determine i(r).
10
Suppose 4*o + 4*k = -28, -2*k + 1 = -3*o - 0. Let m(h) = 2 + h - 1 - 3*h + 0*h. Let p(z) = -7*z + 4. Let v(c) = -22*m(c) + 6*p(c). Calculate v(o).
-4
Let j = 21/41 - 1/82. Let s(o) be the second derivative of 0 + 1/4*o**4 + 2*o - 1/3*o**3 - j*o**2. What is s(-1)?
4
Let v(m) = -1. Let j(l) = -l**2 + l - 5. Let f(u) = j(u) - 5*v(u). Let o(n) = 3*n**2 + 1. Let p(k) = 2*f(k) + o(k). Give p(-2).
1
Let d(p) be the first derivative of p**4/4 + 2*p**3 + p**2 - 5*p + 2. What is d(-5)?
10
Let a(p) = -3*p - 72. Let f be a(-25). Let o(b) be the third derivative of b**3 + 1/60*b**5 + 0*b - f*b**2 - 5/24*b**4 + 0. Give o(5).
6
Let q(y) = y + 8. Let x be -4 - 14*3/(-6). Suppose 0 = x*f + 9 + 15. Determine q(f).
0
Let j(y) = -y**3 + 3*y**2 + 3*y - 3. Let f be 66/14 - 2/(-7). Suppose 4*q - f = 3*q + 2*k, 5*q = 5*k + 15. Suppose 2*r = 9 - q. What is j(r)?
-7
Let r(j) = j**3 + 2*j**2 - j + 1. Let b(m) = m**2 + 5*m - 2. Let q be (6/5)/((-7)/35). Let y be b(q). Suppose 15 = -a - y*a. What is r(a)?
-5
Let q(x) = -2*x**2 + 6*x - 6. Let s(z) = -3*z**2 + 7*z - 7. Let i(p) = 6*q(p) - 5*s(p). Let v(h) be the first derivative of i(h). Give v(-1).
-5
Let n(p) = p - 7. Let k be n(5). Let j be k + -1 - (-2 - 0). Let w be ((-6)/9)/(j/(-3)). Let y(g) = -g**3 - 2*g**2 - 4*g - 3. What is y(w)?
5
Let l(k) = 10*k**3 + 2*k**2 + k. Let g be (-13)/(-5) + (-21)/35. Let w be g/(-3) - (-1)/(-3). Calculate l(w).
-9
Let w be (-4)/10 + 162/30. Suppose -b + w*b - 8 = 0. Let z(f) = -2*f**3 + 4*f**b - 6*f**3 + 8*f - 7 + 4*f**3 + 3*f**3. Calculate z(5).
8
Suppose 0 = -3*g + 9, 2*t + g + 3 = 14. Let k(c) = -c**3 - 5*c**2 + 1 + c**2 + 3*c**2. Let y(o) = -5*o**3 + 6. Let v(a) = 4*k(a) - y(a). What is v(t)?
-2
Let m be ((-6)/(-4))/((-8)/(-16)). Suppose -m*v - 6*r = -2*r - 3, 2*r = 3*v - 3. Let z(d) = -8*d**3 + d**2 - 1. Calculate z(v).
-8
Let m(y) = y**3 + 2*y**2 + y. Let o(g) = g**3 - g**2 - g. Let d(v) = -v**2 + 7*v - 5. Let t be d(6). Let h be o(t). Give m(h).
0
Let v(g) = 3*g**2 - 12*g - 9. Let f(n) = 4*n**2 - 18*n - 14. Let r(t) = 5*f(t) - 7*v(t). Give r(-5).
-2
Let v(w) = -w**3 + 8*w**2 - w + 3. Let y be v(8). Let x = y + 4. Let g(h) be the first derivative of h**2/2 + 2. What is g(x)?
-1
Let t(q) = 0*q**2 - q**2 + q + 0*q**2 + 5. Let f = 35 - 35. Determine t(f).
5
Let k = -9/10 - -7/5. Let m(i) be the first derivative of 4*i + 2 + k*i**2. Determine m(5).
9
Let o(t) = -t**3 + 6*t**2 - 4*t - 5. Suppose p + 10 = -5*c, -p - 2*p = -5*c + 10. Let r be 1/(c + (-18)/(-15)). Give o(r).
0
Suppose 19 = -4*y - 3*t, -t = -6*t - 25. Let g(h) = 8*h - 1. Calculate g(y).
-9
Let r(i) be the third derivative of i**4/24 + 2*i**3/